{"id":3791,"date":"2016-11-22T17:50:21","date_gmt":"2016-11-22T16:50:21","guid":{"rendered":"http:\/\/florium.fr\/es\/?page_id=3791"},"modified":"2025-08-28T14:53:06","modified_gmt":"2025-08-28T13:53:06","slug":"gama-baxter-autocaravanas-compactas","status":"publish","type":"page","link":"https:\/\/www.fleurette-florium.fr\/es\/gama-baxter-autocaravanas-compactas\/","title":{"rendered":"Gama Baxter &#8211; Autocaravanas compactas"},"content":{"rendered":"<div class=\"wpb-content-wrapper\"><p>[vc_row][vc_column][rev_slider_vc alias=\u00bbgamme_baxter-1&#8243;][\/vc_column][\/vc_row][vc_row][vc_column width=\u00bb2\/3&#8243;][vc_column_text el_class=\u00bbcontenu_lisible\u00bb]<span class='firstcharacter'>S<\/span>eguridad, funcionalidad y gran compacidad, caracter\u00edsticas y dise\u00f1o similares a los de un veh\u00edculo grande para las carreteras peque\u00f1as.<\/p>\n<p class=\"p1\">La gama Baxter fascinar\u00e1 a los adeptos de las autocaravanas compactas que no quieren sacrificar ni su confort ni la est\u00e9tica del interior. Equipados de serie con un chasis Fiat Camping Car Special, nuestros veh\u00edculos disponen de una c\u00e9lula 100\u00a0% de poli\u00e9ster para ofrecer un aislamiento reforzado sin olvidar los brazos de los retrovisores acortados para conseguir una mayor compacidad o los numerosos equipamientos incorporados para proporcionarle el m\u00e1ximo confort. Ya no tendr\u00e1 ninguna duda a la hora de salir hacia el lugar de sus sue\u00f1os y pasar por peque\u00f1as carreteras para descubrir su destino.<\/p>\n<p>[\/vc_column_text][\/vc_column][vc_column width=\u00bb1\/3&#8243;][vc_column_text css=\u00bb\u00bb el_class=\u00bbliste_check_rouge\u00bb]<\/p>\n<h3>NOS ENCANTA<\/h3>\n<ul>\n<li>Tama\u00f1o compacto con un ancho de 2,23 m y una longitud de 5,99 m a 6,99 m<\/li>\n<li>Retrovisores retr\u00e1ctiles, con mandos en el volante<\/li>\n<li>Sal\u00f3n con asientos frente a frente o en L orientados en el sentido de la marcha, ideales para los ni\u00f1os<\/li>\n<li>Cocina funcional con frigor\u00edfico de 150 L, cocina de 2 fuegos con corte de gas y cierre con tapa<\/li>\n<li>Almacenamientos ingeniosos con amplios cajones, armarios y ropero<\/li>\n<li>Cuarto de ba\u00f1o moderno con ducha y WC. Mueble con lavabo abatible exclusivo del modelo 69LJG<\/li>\n<li>Dormitorio con cama doble o camas gemelas, y colchones de alta calidad para un confort \u00f3ptimo<\/li>\n<li>Bater\u00eda de la vivienda de litio &#8211; Calefacci\u00f3n Truma 4D<\/li>\n<li>Nuevo mobiliario con acabado en fresno<\/li>\n<\/ul>\n<p>[\/vc_column_text][\/vc_column][\/vc_row][vc_row el_class=\u00bbfullwidth_element margin-top-30 margin-bottom-none\u00bb el_id=\u00bbautres_produits\u00bb][vc_column css=\u00bb.vc_custom_1440062332502{padding-top: 35px !important;padding-right: 100px !important;padding-bottom: 50px !important;padding-left: 100px !important;background-color: #B4B2B2 !important;}\u00bb][vc_row_inner][vc_column_inner][vc_column_text]<\/p>\n<h3>Descubra los otros veh\u00edculos de la gama Florium Baxter<\/h3>\n<p>[\/vc_column_text][\/vc_column_inner][\/vc_row_inner][vc_row_inner gap=\u00bb35&#8243;][vc_column_inner width=\u00bb1\/4&#8243;][vc_single_image image=\u00bb17706&#8243; img_size=\u00bb260&#215;260&#8243; alignment=\u00bbcenter\u00bb onclick=\u00bbcustom_link\u00bb link=\u00bbhttps:\/\/www.fleurette-florium.fr\/es\/listings\/baxter-60-lg-cama-a-la-izquierda\/\u00bb][\/vc_column_inner][vc_column_inner width=\u00bb1\/4&#8243;][vc_single_image image=\u00bb17731&#8243; img_size=\u00bb260&#215;260&#8243; alignment=\u00bbcenter\u00bb onclick=\u00bbcustom_link\u00bb link=\u00bbhttps:\/\/www.fleurette-florium.fr\/es\/listings\/baxter-64-ldf-cama-a-la-derecha-y-salon-frente-a-frente\/\u00bb][\/vc_column_inner][vc_column_inner width=\u00bb1\/4&#8243;][vc_single_image image=\u00bb31804&#8243; img_size=\u00bb260&#215;260&#8243; alignment=\u00bbcenter\u00bb onclick=\u00bbcustom_link\u00bb css=\u00bb\u00bb][\/vc_column_inner][\/vc_row_inner][\/vc_column][\/vc_row]<\/p>\n<\/div>","protected":false},"excerpt":{"rendered":"<p>[vc_row][vc_column][rev_slider_vc alias=\u00bbgamme_baxter-1&#8243;][\/vc_column][\/vc_row][vc_row][vc_column width=\u00bb2\/3&#8243;][vc_column_text el_class=\u00bbcontenu_lisible\u00bb]eguridad, funcionalidad y gran compacidad, caracter\u00edsticas y dise\u00f1o similares a los de un veh\u00edculo grande para las carreteras peque\u00f1as. La gama Baxter fascinar\u00e1 a los adeptos de las autocaravanas compactas que no quieren sacrificar ni su confort ni la est\u00e9tica del interior. Equipados de serie con un chasis Fiat Camping Car Special, [&hellip;]<\/p>\n","protected":false},"author":4,"featured_media":0,"parent":0,"menu_order":0,"comment_status":"closed","ping_status":"closed","template":"","meta":{"_acf_changed":false,"footnotes":""},"class_list":["post-3791","page","type-page","status-publish","hentry"],"acf":[],"yoast_head":"<!-- This site is optimized with the Yoast SEO plugin v27.5 - https:\/\/yoast.com\/product\/yoast-seo-wordpress\/ -->\n<title>Gama Baxter - Autocaravanas compactas - Fleurette Florium<\/title>\n<meta name=\"robots\" content=\"index, follow, max-snippet:-1, max-image-preview:large, max-video-preview:-1\" \/>\n<link rel=\"canonical\" href=\"https:\/\/www.fleurette-florium.fr\/es\/gama-baxter-autocaravanas-compactas\/\" \/>\n<meta property=\"og:locale\" content=\"es_ES\" \/>\n<meta property=\"og:type\" content=\"article\" \/>\n<meta property=\"og:title\" content=\"Gama Baxter - Autocaravanas compactas - Fleurette Florium\" \/>\n<meta property=\"og:description\" content=\"[vc_row][vc_column][rev_slider_vc alias=\u00bbgamme_baxter-1&#8243;][\/vc_column][\/vc_row][vc_row][vc_column width=\u00bb2\/3&#8243;][vc_column_text el_class=\u00bbcontenu_lisible\u00bb]eguridad, funcionalidad y gran compacidad, caracter\u00edsticas y dise\u00f1o similares a los de un veh\u00edculo grande para las carreteras peque\u00f1as. La gama Baxter fascinar\u00e1 a los adeptos de las autocaravanas compactas que no quieren sacrificar ni su confort ni la est\u00e9tica del interior. Equipados de serie con un chasis Fiat Camping Car Special, [&hellip;]\" \/>\n<meta property=\"og:url\" content=\"https:\/\/www.fleurette-florium.fr\/es\/gama-baxter-autocaravanas-compactas\/\" \/>\n<meta property=\"og:site_name\" content=\"Fleurette Florium\" \/>\n<meta property=\"article:modified_time\" content=\"2025-08-28T13:53:06+00:00\" \/>\n<meta name=\"twitter:label1\" content=\"Tiempo de lectura\" \/>\n\t<meta name=\"twitter:data1\" content=\"3 minutos\" \/>\n<script type=\"application\/ld+json\" class=\"yoast-schema-graph\">{\"@context\":\"https:\\\/\\\/schema.org\",\"@graph\":[{\"@type\":\"WebPage\",\"@id\":\"https:\\\/\\\/www.fleurette-florium.fr\\\/es\\\/gama-baxter-autocaravanas-compactas\\\/\",\"url\":\"https:\\\/\\\/www.fleurette-florium.fr\\\/es\\\/gama-baxter-autocaravanas-compactas\\\/\",\"name\":\"Gama Baxter - Autocaravanas compactas - Fleurette Florium\",\"isPartOf\":{\"@id\":\"https:\\\/\\\/www.fleurette-florium.fr\\\/#website\"},\"datePublished\":\"2016-11-22T16:50:21+00:00\",\"dateModified\":\"2025-08-28T13:53:06+00:00\",\"breadcrumb\":{\"@id\":\"https:\\\/\\\/www.fleurette-florium.fr\\\/es\\\/gama-baxter-autocaravanas-compactas\\\/#breadcrumb\"},\"inLanguage\":\"es\",\"potentialAction\":[{\"@type\":\"ReadAction\",\"target\":[\"https:\\\/\\\/www.fleurette-florium.fr\\\/es\\\/gama-baxter-autocaravanas-compactas\\\/\"]}]},{\"@type\":\"BreadcrumbList\",\"@id\":\"https:\\\/\\\/www.fleurette-florium.fr\\\/es\\\/gama-baxter-autocaravanas-compactas\\\/#breadcrumb\",\"itemListElement\":[{\"@type\":\"ListItem\",\"position\":1,\"name\":\"\",\"item\":\"https:\\\/\\\/www.fleurette-florium.fr\\\/es\\\/accueil-camping-cars-modernes-florium\\\/\"},{\"@type\":\"ListItem\",\"position\":2,\"name\":\"Gama Baxter &#8211; Autocaravanas compactas\"}]},{\"@type\":\"WebSite\",\"@id\":\"https:\\\/\\\/www.fleurette-florium.fr\\\/#website\",\"url\":\"https:\\\/\\\/www.fleurette-florium.fr\\\/\",\"name\":\"Fleurette Florium\",\"description\":\"\",\"publisher\":{\"@id\":\"https:\\\/\\\/www.fleurette-florium.fr\\\/#organization\"},\"potentialAction\":[{\"@type\":\"SearchAction\",\"target\":{\"@type\":\"EntryPoint\",\"urlTemplate\":\"https:\\\/\\\/www.fleurette-florium.fr\\\/?s={search_term_string}\"},\"query-input\":{\"@type\":\"PropertyValueSpecification\",\"valueRequired\":true,\"valueName\":\"search_term_string\"}}],\"inLanguage\":\"es\"},{\"@type\":\"Organization\",\"@id\":\"https:\\\/\\\/www.fleurette-florium.fr\\\/#organization\",\"name\":\"Fleurette Florium\",\"url\":\"https:\\\/\\\/www.fleurette-florium.fr\\\/\",\"logo\":{\"@type\":\"ImageObject\",\"inLanguage\":\"es\",\"@id\":\"https:\\\/\\\/www.fleurette-florium.fr\\\/#\\\/schema\\\/logo\\\/image\\\/\",\"url\":\"https:\\\/\\\/www.fleurette-florium.fr\\\/wp-content\\\/uploads\\\/2021\\\/07\\\/logo-fleurette-florium-scaled.png\",\"contentUrl\":\"https:\\\/\\\/www.fleurette-florium.fr\\\/wp-content\\\/uploads\\\/2021\\\/07\\\/logo-fleurette-florium-scaled.png\",\"width\":2560,\"height\":830,\"caption\":\"Fleurette Florium\"},\"image\":{\"@id\":\"https:\\\/\\\/www.fleurette-florium.fr\\\/#\\\/schema\\\/logo\\\/image\\\/\"}}]}<\/script>\n<!-- \/ Yoast SEO plugin. -->","yoast_head_json":{"title":"Gama Baxter - Autocaravanas compactas - Fleurette Florium","robots":{"index":"index","follow":"follow","max-snippet":"max-snippet:-1","max-image-preview":"max-image-preview:large","max-video-preview":"max-video-preview:-1"},"canonical":"https:\/\/www.fleurette-florium.fr\/es\/gama-baxter-autocaravanas-compactas\/","og_locale":"es_ES","og_type":"article","og_title":"Gama Baxter - Autocaravanas compactas - Fleurette Florium","og_description":"[vc_row][vc_column][rev_slider_vc alias=\u00bbgamme_baxter-1&#8243;][\/vc_column][\/vc_row][vc_row][vc_column width=\u00bb2\/3&#8243;][vc_column_text el_class=\u00bbcontenu_lisible\u00bb]eguridad, funcionalidad y gran compacidad, caracter\u00edsticas y dise\u00f1o similares a los de un veh\u00edculo grande para las carreteras peque\u00f1as. La gama Baxter fascinar\u00e1 a los adeptos de las autocaravanas compactas que no quieren sacrificar ni su confort ni la est\u00e9tica del interior. Equipados de serie con un chasis Fiat Camping Car Special, [&hellip;]","og_url":"https:\/\/www.fleurette-florium.fr\/es\/gama-baxter-autocaravanas-compactas\/","og_site_name":"Fleurette Florium","article_modified_time":"2025-08-28T13:53:06+00:00","twitter_misc":{"Tiempo de lectura":"3 minutos"},"schema":{"@context":"https:\/\/schema.org","@graph":[{"@type":"WebPage","@id":"https:\/\/www.fleurette-florium.fr\/es\/gama-baxter-autocaravanas-compactas\/","url":"https:\/\/www.fleurette-florium.fr\/es\/gama-baxter-autocaravanas-compactas\/","name":"Gama Baxter - Autocaravanas compactas - Fleurette Florium","isPartOf":{"@id":"https:\/\/www.fleurette-florium.fr\/#website"},"datePublished":"2016-11-22T16:50:21+00:00","dateModified":"2025-08-28T13:53:06+00:00","breadcrumb":{"@id":"https:\/\/www.fleurette-florium.fr\/es\/gama-baxter-autocaravanas-compactas\/#breadcrumb"},"inLanguage":"es","potentialAction":[{"@type":"ReadAction","target":["https:\/\/www.fleurette-florium.fr\/es\/gama-baxter-autocaravanas-compactas\/"]}]},{"@type":"BreadcrumbList","@id":"https:\/\/www.fleurette-florium.fr\/es\/gama-baxter-autocaravanas-compactas\/#breadcrumb","itemListElement":[{"@type":"ListItem","position":1,"name":"","item":"https:\/\/www.fleurette-florium.fr\/es\/accueil-camping-cars-modernes-florium\/"},{"@type":"ListItem","position":2,"name":"Gama Baxter &#8211; Autocaravanas compactas"}]},{"@type":"WebSite","@id":"https:\/\/www.fleurette-florium.fr\/#website","url":"https:\/\/www.fleurette-florium.fr\/","name":"Fleurette Florium","description":"","publisher":{"@id":"https:\/\/www.fleurette-florium.fr\/#organization"},"potentialAction":[{"@type":"SearchAction","target":{"@type":"EntryPoint","urlTemplate":"https:\/\/www.fleurette-florium.fr\/?s={search_term_string}"},"query-input":{"@type":"PropertyValueSpecification","valueRequired":true,"valueName":"search_term_string"}}],"inLanguage":"es"},{"@type":"Organization","@id":"https:\/\/www.fleurette-florium.fr\/#organization","name":"Fleurette Florium","url":"https:\/\/www.fleurette-florium.fr\/","logo":{"@type":"ImageObject","inLanguage":"es","@id":"https:\/\/www.fleurette-florium.fr\/#\/schema\/logo\/image\/","url":"https:\/\/www.fleurette-florium.fr\/wp-content\/uploads\/2021\/07\/logo-fleurette-florium-scaled.png","contentUrl":"https:\/\/www.fleurette-florium.fr\/wp-content\/uploads\/2021\/07\/logo-fleurette-florium-scaled.png","width":2560,"height":830,"caption":"Fleurette Florium"},"image":{"@id":"https:\/\/www.fleurette-florium.fr\/#\/schema\/logo\/image\/"}}]}},"_links":{"self":[{"href":"https:\/\/www.fleurette-florium.fr\/es\/wp-json\/wp\/v2\/pages\/3791","targetHints":{"allow":["GET"]}}],"collection":[{"href":"https:\/\/www.fleurette-florium.fr\/es\/wp-json\/wp\/v2\/pages"}],"about":[{"href":"https:\/\/www.fleurette-florium.fr\/es\/wp-json\/wp\/v2\/types\/page"}],"author":[{"embeddable":true,"href":"https:\/\/www.fleurette-florium.fr\/es\/wp-json\/wp\/v2\/users\/4"}],"replies":[{"embeddable":true,"href":"https:\/\/www.fleurette-florium.fr\/es\/wp-json\/wp\/v2\/comments?post=3791"}],"version-history":[{"count":26,"href":"https:\/\/www.fleurette-florium.fr\/es\/wp-json\/wp\/v2\/pages\/3791\/revisions"}],"predecessor-version":[{"id":31854,"href":"https:\/\/www.fleurette-florium.fr\/es\/wp-json\/wp\/v2\/pages\/3791\/revisions\/31854"}],"wp:attachment":[{"href":"https:\/\/www.fleurette-florium.fr\/es\/wp-json\/wp\/v2\/media?parent=3791"}],"curies":[{"name":"wp","href":"https:\/\/api.w.org\/{rel}","templated":true}]}}

<div class="wpb-content-wrapper"><p>[vc_row][vc_column][rev_slider_vc alias=»gamme_baxter-1&#8243;][/vc_column][/vc_row][vc_row][vc_column width=»2/3&#8243;][vc_column_text el_class=»contenu_lisible»]<span class='firstcharacter'>S</span>eguridad, funcionalidad y gran compacidad, características y diseño similares a los de un vehículo grande para las carreteras pequeñas.</p>
<p class="p1">La gama Baxter fascinará a los adeptos de las autocaravanas compactas que no quieren sacrificar ni su confort ni la estética del interior. Equipados de serie con un chasis Fiat Camping Car Special, nuestros vehículos disponen de una célula 100 % de poliéster para ofrecer un aislamiento reforzado sin olvidar los brazos de los retrovisores acortados para conseguir una mayor compacidad o los numerosos equipamientos incorporados para proporcionarle el máximo confort. Ya no tendrá ninguna duda a la hora de salir hacia el lugar de sus sueños y pasar por pequeñas carreteras para descubrir su destino.</p>
<p>[/vc_column_text][/vc_column][vc_column width=»1/3&#8243;][vc_column_text css=»» el_class=»liste_check_rouge»]</p>
<h3>NOS ENCANTA</h3>
<ul>
<li>Tamaño compacto con un ancho de 2,23 m y una longitud de 5,99 m a 6,99 m</li>
<li>Retrovisores retráctiles, con mandos en el volante</li>
<li>Salón con asientos frente a frente o en L orientados en el sentido de la marcha, ideales para los niños</li>
<li>Cocina funcional con frigorífico de 150 L, cocina de 2 fuegos con corte de gas y cierre con tapa</li>
<li>Almacenamientos ingeniosos con amplios cajones, armarios y ropero</li>
<li>Cuarto de baño moderno con ducha y WC. Mueble con lavabo abatible exclusivo del modelo 69LJG</li>
<li>Dormitorio con cama doble o camas gemelas, y colchones de alta calidad para un confort óptimo</li>
<li>Batería de la vivienda de litio &#8211; Calefacción Truma 4D</li>
<li>Nuevo mobiliario con acabado en fresno</li>
</ul>
<p>[/vc_column_text][/vc_column][/vc_row][vc_row el_class=»fullwidth_element margin-top-30 margin-bottom-none» el_id=»autres_produits»][vc_column css=».vc_custom_1440062332502{padding-top: 35px !important;padding-right: 100px !important;padding-bottom: 50px !important;padding-left: 100px !important;background-color: #B4B2B2 !important;}»][vc_row_inner][vc_column_inner][vc_column_text]</p>
<h3>Descubra los otros vehículos de la gama Florium Baxter</h3>
<p>[/vc_column_text][/vc_column_inner][/vc_row_inner][vc_row_inner gap=»35&#8243;][vc_column_inner width=»1/4&#8243;][vc_single_image image=»17706&#8243; img_size=»260&#215;260&#8243; alignment=»center» onclick=»custom_link» link=»https://www.fleurette-florium.fr/es/listings/baxter-60-lg-cama-a-la-izquierda/»][/vc_column_inner][vc_column_inner width=»1/4&#8243;][vc_single_image image=»17731&#8243; img_size=»260&#215;260&#8243; alignment=»center» onclick=»custom_link» link=»https://www.fleurette-florium.fr/es/listings/baxter-64-ldf-cama-a-la-derecha-y-salon-frente-a-frente/»][/vc_column_inner][vc_column_inner width=»1/4&#8243;][vc_single_image image=»31804&#8243; img_size=»260&#215;260&#8243; alignment=»center» onclick=»custom_link» css=»»][/vc_column_inner][/vc_row_inner][/vc_column][/vc_row]</p>
</div>

<p>[vc_row][vc_column][rev_slider_vc alias=»gamme_baxter-1&#8243;][/vc_column][/vc_row][vc_row][vc_column width=»2/3&#8243;][vc_column_text el_class=»contenu_lisible»]eguridad, funcionalidad y gran compacidad, características y diseño similares a los de un vehículo grande para las carreteras pequeñas. La gama Baxter fascinará a los adeptos de las autocaravanas compactas que no quieren sacrificar ni su confort ni la estética del interior. Equipados de serie con un chasis Fiat Camping Car Special, [&hellip;]</p>

<!-- This site is optimized with the Yoast SEO plugin v27.5 - https://yoast.com/product/yoast-seo-wordpress/ -->
<title>Gama Baxter - Autocaravanas compactas - Fleurette Florium</title>
<meta name="robots" content="index, follow, max-snippet:-1, max-image-preview:large, max-video-preview:-1" />
<link rel="canonical" href="https://www.fleurette-florium.fr/es/gama-baxter-autocaravanas-compactas/" />
<meta property="og:locale" content="es_ES" />
<meta property="og:type" content="article" />
<meta property="og:title" content="Gama Baxter - Autocaravanas compactas - Fleurette Florium" />
<meta property="og:description" content="[vc_row][vc_column][rev_slider_vc alias=»gamme_baxter-1&#8243;][/vc_column][/vc_row][vc_row][vc_column width=»2/3&#8243;][vc_column_text el_class=»contenu_lisible»]eguridad, funcionalidad y gran compacidad, características y diseño similares a los de un vehículo grande para las carreteras pequeñas. La gama Baxter fascinará a los adeptos de las autocaravanas compactas que no quieren sacrificar ni su confort ni la estética del interior. Equipados de serie con un chasis Fiat Camping Car Special, [&hellip;]" />
<meta property="og:url" content="https://www.fleurette-florium.fr/es/gama-baxter-autocaravanas-compactas/" />
<meta property="og:site_name" content="Fleurette Florium" />
<meta property="article:modified_time" content="2025-08-28T13:53:06+00:00" />
<meta name="twitter:label1" content="Tiempo de lectura" />
	<meta name="twitter:data1" content="3 minutos" />
<script type="application/ld+json" class="yoast-schema-graph">{"@context":"https:\/\/schema.org","@graph":[{"@type":"WebPage","@id":"https:\/\/www.fleurette-florium.fr\/es\/gama-baxter-autocaravanas-compactas\/","url":"https:\/\/www.fleurette-florium.fr\/es\/gama-baxter-autocaravanas-compactas\/","name":"Gama Baxter - Autocaravanas compactas - Fleurette Florium","isPartOf":{"@id":"https:\/\/www.fleurette-florium.fr\/#website"},"datePublished":"2016-11-22T16:50:21+00:00","dateModified":"2025-08-28T13:53:06+00:00","breadcrumb":{"@id":"https:\/\/www.fleurette-florium.fr\/es\/gama-baxter-autocaravanas-compactas\/#breadcrumb"},"inLanguage":"es","potentialAction":[{"@type":"ReadAction","target":["https:\/\/www.fleurette-florium.fr\/es\/gama-baxter-autocaravanas-compactas\/"]}]},{"@type":"BreadcrumbList","@id":"https:\/\/www.fleurette-florium.fr\/es\/gama-baxter-autocaravanas-compactas\/#breadcrumb","itemListElement":[{"@type":"ListItem","position":1,"name":"","item":"https:\/\/www.fleurette-florium.fr\/es\/accueil-camping-cars-modernes-florium\/"},{"@type":"ListItem","position":2,"name":"Gama Baxter &#8211; Autocaravanas compactas"}]},{"@type":"WebSite","@id":"https:\/\/www.fleurette-florium.fr\/#website","url":"https:\/\/www.fleurette-florium.fr\/","name":"Fleurette Florium","description":"","publisher":{"@id":"https:\/\/www.fleurette-florium.fr\/#organization"},"potentialAction":[{"@type":"SearchAction","target":{"@type":"EntryPoint","urlTemplate":"https:\/\/www.fleurette-florium.fr\/?s={search_term_string}"},"query-input":{"@type":"PropertyValueSpecification","valueRequired":true,"valueName":"search_term_string"}}],"inLanguage":"es"},{"@type":"Organization","@id":"https:\/\/www.fleurette-florium.fr\/#organization","name":"Fleurette Florium","url":"https:\/\/www.fleurette-florium.fr\/","logo":{"@type":"ImageObject","inLanguage":"es","@id":"https:\/\/www.fleurette-florium.fr\/#\/schema\/logo\/image\/","url":"https:\/\/www.fleurette-florium.fr\/wp-content\/uploads\/2021\/07\/logo-fleurette-florium-scaled.png","contentUrl":"https:\/\/www.fleurette-florium.fr\/wp-content\/uploads\/2021\/07\/logo-fleurette-florium-scaled.png","width":2560,"height":830,"caption":"Fleurette Florium"},"image":{"@id":"https:\/\/www.fleurette-florium.fr\/#\/schema\/logo\/image\/"}}]}</script>
<!-- / Yoast SEO plugin. -->

[vc_row][vc_column][rev_slider_vc alias=»gamme_baxter-1&#8243;][/vc_column][/vc_row][vc_row][vc_column width=»2/3&#8243;][vc_column_text el_class=»contenu_lisible»]eguridad, funcionalidad y gran compacidad, características y diseño similares a los de un vehículo grande para las carreteras pequeñas. La gama Baxter fascinará a los adeptos de las autocaravanas compactas que no quieren sacrificar ni su confort ni la estética del interior. Equipados de serie con un chasis Fiat Camping Car Special, [&hellip;]
