{"id":15016,"date":"2015-07-30T00:00:00","date_gmt":"2015-07-29T23:00:00","guid":{"rendered":"https:\/\/fleurette-florium.s1te.fr\/gamme-fleurette-magister-camping-car-profile-lit-de-pavillon\/"},"modified":"2025-09-05T08:47:59","modified_gmt":"2025-09-05T07:47:59","slug":"gamme-magister-perfilados-con-cama-de-techo","status":"publish","type":"page","link":"https:\/\/www.fleurette-florium.fr\/es\/gamme-magister-perfilados-con-cama-de-techo\/","title":{"rendered":"Gama Magister &#8211; Perfilados con cama de techo"},"content":{"rendered":"<div class=\"wpb-content-wrapper\"><p>[vc_row][vc_column][rev_slider_vc alias=\u00bbgamme_magister\u00bb][\/vc_column][\/vc_row][vc_row][vc_column width=\u00bb2\/3&#8243;][vc_column_text css=\u00bb\u00bb el_class=\u00bbcontenu_lisible\u00bb]<\/p>\n<h1>Fleurette Magister &#8211; Comfort y libertad en una espaciosa<\/h1>\n<p><span class='firstcharacter'>U<\/span>na gama bien pensada, donde la maniobrabilidad y los grandes vol\u00famenes se unen para ofrecer viajes inolvidables. Disfrute de la libertad de la carretera con el confort de su hogar, gracias al completo equipamiento de alta gama propio de Fleurette.<br \/>\n10[\/vc_column_text][\/vc_column][vc_column width=\u00bb1\/3&#8243;][vc_column_text css=\u00bb\u00bb el_class=\u00bbliste_check_rouge\u00bb]<\/p>\n<h3>NOS ENCANTA<\/h3>\n<ul>\n<li>Amplio sal\u00f3n frente a frente para recibir hasta 6 personas<\/li>\n<li>Gran mesa de sal\u00f3n plegable<\/li>\n<li>\u00c1rea de cocina con una amplia encimera, cocina de 2 fuegos con corte de gas y cierre con tapa<\/li>\n<li>Capacidad para 4 plazas para dormir (opci\u00f3n)<\/li>\n<li>Bonita zona interior con numerosos espacios de almacenamiento<\/li>\n<li>Cuarto de ba\u00f1o con ducha y WC separados<\/li>\n<li>Garaje de gran volumen<\/li>\n<li>Ambiente con acabado en nogal<\/li>\n<\/ul>\n<p>[\/vc_column_text][\/vc_column][\/vc_row][vc_row el_class=\u00bbfullwidth_element margin-top-30 margin-bottom-none\u00bb el_id=\u00bbautres_produits\u00bb][vc_column css=\u00bb.vc_custom_1438272808096{padding-top: 35px !important;padding-right: 100px !important;padding-bottom: 50px !important;padding-left: 100px !important;background-color: #efefee !important;}\u00bb][vc_row_inner][vc_column_inner][vc_column_text css=\u00bb\u00bb]<\/p>\n<h3>Descubra los veh\u00edculos de la gama Fleurette <strong style=\"font-size: 16px;\">MAGISTER<\/strong><\/h3>\n<p>[\/vc_column_text][\/vc_column_inner][\/vc_row_inner][vc_row_inner][vc_column_inner width=\u00bb1\/4&#8243;][vc_single_image image=\u00bb17856&#8243; img_size=\u00bb260&#215;260&#8243; alignment=\u00bbcenter\u00bb onclick=\u00bbcustom_link\u00bb css=\u00bb\u00bb link=\u00bbhttps:\/\/www.fleurette-florium.fr\/es\/listings\/magister-67-lo-salon-con-garaje\/\u00bb][\/vc_column_inner][vc_column_inner width=\u00bb1\/4&#8243;][vc_single_image image=\u00bb27548&#8243; img_size=\u00bb260&#215;260&#8243; alignment=\u00bbcenter\u00bb onclick=\u00bbcustom_link\u00bb css=\u00bb\u00bb link=\u00bbhttps:\/\/www.fleurette-florium.fr\/es\/listings\/magister-70-lmf-cama-isla-edicion-wellness\/\u00bb][\/vc_column_inner][vc_column_inner width=\u00bb1\/4&#8243;][vc_single_image image=\u00bb27580&#8243; img_size=\u00bb260&#215;260&#8243; alignment=\u00bbcenter\u00bb onclick=\u00bbcustom_link\u00bb css=\u00bb\u00bb link=\u00bbhttps:\/\/www.fleurette-florium.fr\/es\/listings\/magister-74-lmf-cama-isla-edicion-wellness\/\u00bb][\/vc_column_inner][\/vc_row_inner][\/vc_column][\/vc_row]<\/p>\n<\/div>","protected":false},"excerpt":{"rendered":"<p>[vc_row][vc_column][rev_slider_vc alias=\u00bbgamme_magister\u00bb][\/vc_column][\/vc_row][vc_row][vc_column width=\u00bb2\/3&#8243;][vc_column_text css=\u00bb\u00bb el_class=\u00bbcontenu_lisible\u00bb] Fleurette Magister &#8211; Comfort y libertad en una espaciosa na gama bien pensada, donde la maniobrabilidad y los grandes vol\u00famenes se unen para ofrecer viajes inolvidables. Disfrute de la libertad de la carretera con el confort de su hogar, gracias al completo equipamiento de alta gama propio de Fleurette. 10[\/vc_column_text][\/vc_column][vc_column [&hellip;]<\/p>\n","protected":false},"author":4,"featured_media":0,"parent":0,"menu_order":0,"comment_status":"closed","ping_status":"open","template":"","meta":{"_acf_changed":false,"footnotes":""},"class_list":["post-15016","page","type-page","status-publish","hentry"],"acf":[],"yoast_head":"<!-- This site is optimized with the Yoast SEO plugin v26.6 - https:\/\/yoast.com\/wordpress\/plugins\/seo\/ -->\n<title>Camping car profil\u00e9 - gamme Fleurette MAGISTER<\/title>\n<meta name=\"description\" content=\"D\u00e9couvrez toute la gamme Fleurette MAGISTER pour choisir le camping car profil\u00e9 lit de pavillon haut de gamme de vos r\u00eaves.\" \/>\n<meta name=\"robots\" content=\"index, follow, max-snippet:-1, max-image-preview:large, max-video-preview:-1\" \/>\n<link rel=\"canonical\" href=\"https:\/\/www.fleurette-florium.fr\/es\/gamme-magister-perfilados-con-cama-de-techo\/\" \/>\n<meta property=\"og:locale\" content=\"es_ES\" \/>\n<meta property=\"og:type\" content=\"article\" \/>\n<meta property=\"og:title\" content=\"Camping car profil\u00e9 - gamme Fleurette MAGISTER\" \/>\n<meta property=\"og:description\" content=\"D\u00e9couvrez toute la gamme Fleurette MAGISTER pour choisir le camping car profil\u00e9 lit de pavillon haut de gamme de vos r\u00eaves.\" \/>\n<meta property=\"og:url\" content=\"https:\/\/www.fleurette-florium.fr\/es\/gamme-magister-perfilados-con-cama-de-techo\/\" \/>\n<meta property=\"og:site_name\" content=\"Fleurette Florium\" \/>\n<meta property=\"article:modified_time\" content=\"2025-09-05T07:47:59+00:00\" \/>\n<meta name=\"twitter:label1\" content=\"Tiempo de lectura\" \/>\n\t<meta name=\"twitter:data1\" content=\"2 minutos\" \/>\n<script type=\"application\/ld+json\" class=\"yoast-schema-graph\">{\"@context\":\"https:\/\/schema.org\",\"@graph\":[{\"@type\":\"WebPage\",\"@id\":\"https:\/\/www.fleurette-florium.fr\/es\/gamme-magister-perfilados-con-cama-de-techo\/\",\"url\":\"https:\/\/www.fleurette-florium.fr\/es\/gamme-magister-perfilados-con-cama-de-techo\/\",\"name\":\"Camping car profil\u00e9 - gamme Fleurette MAGISTER\",\"isPartOf\":{\"@id\":\"https:\/\/www.fleurette-florium.fr\/#website\"},\"datePublished\":\"2015-07-29T23:00:00+00:00\",\"dateModified\":\"2025-09-05T07:47:59+00:00\",\"description\":\"D\u00e9couvrez toute la gamme Fleurette MAGISTER pour choisir le camping car profil\u00e9 lit de pavillon haut de gamme de vos r\u00eaves.\",\"breadcrumb\":{\"@id\":\"https:\/\/www.fleurette-florium.fr\/es\/gamme-magister-perfilados-con-cama-de-techo\/#breadcrumb\"},\"inLanguage\":\"es\",\"potentialAction\":[{\"@type\":\"ReadAction\",\"target\":[\"https:\/\/www.fleurette-florium.fr\/es\/gamme-magister-perfilados-con-cama-de-techo\/\"]}]},{\"@type\":\"BreadcrumbList\",\"@id\":\"https:\/\/www.fleurette-florium.fr\/es\/gamme-magister-perfilados-con-cama-de-techo\/#breadcrumb\",\"itemListElement\":[{\"@type\":\"ListItem\",\"position\":1,\"name\":\"\",\"item\":\"https:\/\/www.fleurette-florium.fr\/es\/accueil-camping-cars-modernes-florium\/\"},{\"@type\":\"ListItem\",\"position\":2,\"name\":\"Gama Magister &#8211; Perfilados con cama de techo\"}]},{\"@type\":\"WebSite\",\"@id\":\"https:\/\/www.fleurette-florium.fr\/#website\",\"url\":\"https:\/\/www.fleurette-florium.fr\/\",\"name\":\"Fleurette Florium\",\"description\":\"\",\"publisher\":{\"@id\":\"https:\/\/www.fleurette-florium.fr\/#organization\"},\"potentialAction\":[{\"@type\":\"SearchAction\",\"target\":{\"@type\":\"EntryPoint\",\"urlTemplate\":\"https:\/\/www.fleurette-florium.fr\/?s={search_term_string}\"},\"query-input\":{\"@type\":\"PropertyValueSpecification\",\"valueRequired\":true,\"valueName\":\"search_term_string\"}}],\"inLanguage\":\"es\"},{\"@type\":\"Organization\",\"@id\":\"https:\/\/www.fleurette-florium.fr\/#organization\",\"name\":\"Fleurette Florium\",\"url\":\"https:\/\/www.fleurette-florium.fr\/\",\"logo\":{\"@type\":\"ImageObject\",\"inLanguage\":\"es\",\"@id\":\"https:\/\/www.fleurette-florium.fr\/#\/schema\/logo\/image\/\",\"url\":\"https:\/\/www.fleurette-florium.fr\/wp-content\/uploads\/2021\/07\/logo-fleurette-florium-scaled.png\",\"contentUrl\":\"https:\/\/www.fleurette-florium.fr\/wp-content\/uploads\/2021\/07\/logo-fleurette-florium-scaled.png\",\"width\":2560,\"height\":830,\"caption\":\"Fleurette Florium\"},\"image\":{\"@id\":\"https:\/\/www.fleurette-florium.fr\/#\/schema\/logo\/image\/\"}}]}<\/script>\n<!-- \/ Yoast SEO plugin. -->","yoast_head_json":{"title":"Camping car profil\u00e9 - gamme Fleurette MAGISTER","description":"D\u00e9couvrez toute la gamme Fleurette MAGISTER pour choisir le camping car profil\u00e9 lit de pavillon haut de gamme de vos r\u00eaves.","robots":{"index":"index","follow":"follow","max-snippet":"max-snippet:-1","max-image-preview":"max-image-preview:large","max-video-preview":"max-video-preview:-1"},"canonical":"https:\/\/www.fleurette-florium.fr\/es\/gamme-magister-perfilados-con-cama-de-techo\/","og_locale":"es_ES","og_type":"article","og_title":"Camping car profil\u00e9 - gamme Fleurette MAGISTER","og_description":"D\u00e9couvrez toute la gamme Fleurette MAGISTER pour choisir le camping car profil\u00e9 lit de pavillon haut de gamme de vos r\u00eaves.","og_url":"https:\/\/www.fleurette-florium.fr\/es\/gamme-magister-perfilados-con-cama-de-techo\/","og_site_name":"Fleurette Florium","article_modified_time":"2025-09-05T07:47:59+00:00","twitter_misc":{"Tiempo de lectura":"2 minutos"},"schema":{"@context":"https:\/\/schema.org","@graph":[{"@type":"WebPage","@id":"https:\/\/www.fleurette-florium.fr\/es\/gamme-magister-perfilados-con-cama-de-techo\/","url":"https:\/\/www.fleurette-florium.fr\/es\/gamme-magister-perfilados-con-cama-de-techo\/","name":"Camping car profil\u00e9 - gamme Fleurette MAGISTER","isPartOf":{"@id":"https:\/\/www.fleurette-florium.fr\/#website"},"datePublished":"2015-07-29T23:00:00+00:00","dateModified":"2025-09-05T07:47:59+00:00","description":"D\u00e9couvrez toute la gamme Fleurette MAGISTER pour choisir le camping car profil\u00e9 lit de pavillon haut de gamme de vos r\u00eaves.","breadcrumb":{"@id":"https:\/\/www.fleurette-florium.fr\/es\/gamme-magister-perfilados-con-cama-de-techo\/#breadcrumb"},"inLanguage":"es","potentialAction":[{"@type":"ReadAction","target":["https:\/\/www.fleurette-florium.fr\/es\/gamme-magister-perfilados-con-cama-de-techo\/"]}]},{"@type":"BreadcrumbList","@id":"https:\/\/www.fleurette-florium.fr\/es\/gamme-magister-perfilados-con-cama-de-techo\/#breadcrumb","itemListElement":[{"@type":"ListItem","position":1,"name":"","item":"https:\/\/www.fleurette-florium.fr\/es\/accueil-camping-cars-modernes-florium\/"},{"@type":"ListItem","position":2,"name":"Gama Magister &#8211; Perfilados con cama de techo"}]},{"@type":"WebSite","@id":"https:\/\/www.fleurette-florium.fr\/#website","url":"https:\/\/www.fleurette-florium.fr\/","name":"Fleurette Florium","description":"","publisher":{"@id":"https:\/\/www.fleurette-florium.fr\/#organization"},"potentialAction":[{"@type":"SearchAction","target":{"@type":"EntryPoint","urlTemplate":"https:\/\/www.fleurette-florium.fr\/?s={search_term_string}"},"query-input":{"@type":"PropertyValueSpecification","valueRequired":true,"valueName":"search_term_string"}}],"inLanguage":"es"},{"@type":"Organization","@id":"https:\/\/www.fleurette-florium.fr\/#organization","name":"Fleurette Florium","url":"https:\/\/www.fleurette-florium.fr\/","logo":{"@type":"ImageObject","inLanguage":"es","@id":"https:\/\/www.fleurette-florium.fr\/#\/schema\/logo\/image\/","url":"https:\/\/www.fleurette-florium.fr\/wp-content\/uploads\/2021\/07\/logo-fleurette-florium-scaled.png","contentUrl":"https:\/\/www.fleurette-florium.fr\/wp-content\/uploads\/2021\/07\/logo-fleurette-florium-scaled.png","width":2560,"height":830,"caption":"Fleurette Florium"},"image":{"@id":"https:\/\/www.fleurette-florium.fr\/#\/schema\/logo\/image\/"}}]}},"_links":{"self":[{"href":"https:\/\/www.fleurette-florium.fr\/es\/wp-json\/wp\/v2\/pages\/15016","targetHints":{"allow":["GET"]}}],"collection":[{"href":"https:\/\/www.fleurette-florium.fr\/es\/wp-json\/wp\/v2\/pages"}],"about":[{"href":"https:\/\/www.fleurette-florium.fr\/es\/wp-json\/wp\/v2\/types\/page"}],"author":[{"embeddable":true,"href":"https:\/\/www.fleurette-florium.fr\/es\/wp-json\/wp\/v2\/users\/4"}],"replies":[{"embeddable":true,"href":"https:\/\/www.fleurette-florium.fr\/es\/wp-json\/wp\/v2\/comments?post=15016"}],"version-history":[{"count":31,"href":"https:\/\/www.fleurette-florium.fr\/es\/wp-json\/wp\/v2\/pages\/15016\/revisions"}],"predecessor-version":[{"id":32423,"href":"https:\/\/www.fleurette-florium.fr\/es\/wp-json\/wp\/v2\/pages\/15016\/revisions\/32423"}],"wp:attachment":[{"href":"https:\/\/www.fleurette-florium.fr\/es\/wp-json\/wp\/v2\/media?parent=15016"}],"curies":[{"name":"wp","href":"https:\/\/api.w.org\/{rel}","templated":true}]}}

<div class="wpb-content-wrapper"><p>[vc_row][vc_column][rev_slider_vc alias=»gamme_magister»][/vc_column][/vc_row][vc_row][vc_column width=»2/3&#8243;][vc_column_text css=»» el_class=»contenu_lisible»]</p>
<h1>Fleurette Magister &#8211; Comfort y libertad en una espaciosa</h1>
<p><span class='firstcharacter'>U</span>na gama bien pensada, donde la maniobrabilidad y los grandes volúmenes se unen para ofrecer viajes inolvidables. Disfrute de la libertad de la carretera con el confort de su hogar, gracias al completo equipamiento de alta gama propio de Fleurette.<br />
10[/vc_column_text][/vc_column][vc_column width=»1/3&#8243;][vc_column_text css=»» el_class=»liste_check_rouge»]</p>
<h3>NOS ENCANTA</h3>
<ul>
<li>Amplio salón frente a frente para recibir hasta 6 personas</li>
<li>Gran mesa de salón plegable</li>
<li>Área de cocina con una amplia encimera, cocina de 2 fuegos con corte de gas y cierre con tapa</li>
<li>Capacidad para 4 plazas para dormir (opción)</li>
<li>Bonita zona interior con numerosos espacios de almacenamiento</li>
<li>Cuarto de baño con ducha y WC separados</li>
<li>Garaje de gran volumen</li>
<li>Ambiente con acabado en nogal</li>
</ul>
<p>[/vc_column_text][/vc_column][/vc_row][vc_row el_class=»fullwidth_element margin-top-30 margin-bottom-none» el_id=»autres_produits»][vc_column css=».vc_custom_1438272808096{padding-top: 35px !important;padding-right: 100px !important;padding-bottom: 50px !important;padding-left: 100px !important;background-color: #efefee !important;}»][vc_row_inner][vc_column_inner][vc_column_text css=»»]</p>
<h3>Descubra los vehículos de la gama Fleurette <strong style="font-size: 16px;">MAGISTER</strong></h3>
<p>[/vc_column_text][/vc_column_inner][/vc_row_inner][vc_row_inner][vc_column_inner width=»1/4&#8243;][vc_single_image image=»17856&#8243; img_size=»260&#215;260&#8243; alignment=»center» onclick=»custom_link» css=»» link=»https://www.fleurette-florium.fr/es/listings/magister-67-lo-salon-con-garaje/»][/vc_column_inner][vc_column_inner width=»1/4&#8243;][vc_single_image image=»27548&#8243; img_size=»260&#215;260&#8243; alignment=»center» onclick=»custom_link» css=»» link=»https://www.fleurette-florium.fr/es/listings/magister-70-lmf-cama-isla-edicion-wellness/»][/vc_column_inner][vc_column_inner width=»1/4&#8243;][vc_single_image image=»27580&#8243; img_size=»260&#215;260&#8243; alignment=»center» onclick=»custom_link» css=»» link=»https://www.fleurette-florium.fr/es/listings/magister-74-lmf-cama-isla-edicion-wellness/»][/vc_column_inner][/vc_row_inner][/vc_column][/vc_row]</p>
</div>

<p>[vc_row][vc_column][rev_slider_vc alias=»gamme_magister»][/vc_column][/vc_row][vc_row][vc_column width=»2/3&#8243;][vc_column_text css=»» el_class=»contenu_lisible»] Fleurette Magister &#8211; Comfort y libertad en una espaciosa na gama bien pensada, donde la maniobrabilidad y los grandes volúmenes se unen para ofrecer viajes inolvidables. Disfrute de la libertad de la carretera con el confort de su hogar, gracias al completo equipamiento de alta gama propio de Fleurette. 10[/vc_column_text][/vc_column][vc_column [&hellip;]</p>

<!-- This site is optimized with the Yoast SEO plugin v26.6 - https://yoast.com/wordpress/plugins/seo/ -->
<title>Camping car profilé - gamme Fleurette MAGISTER</title>
<meta name="description" content="Découvrez toute la gamme Fleurette MAGISTER pour choisir le camping car profilé lit de pavillon haut de gamme de vos rêves." />
<meta name="robots" content="index, follow, max-snippet:-1, max-image-preview:large, max-video-preview:-1" />
<link rel="canonical" href="https://www.fleurette-florium.fr/es/gamme-magister-perfilados-con-cama-de-techo/" />
<meta property="og:locale" content="es_ES" />
<meta property="og:type" content="article" />
<meta property="og:title" content="Camping car profilé - gamme Fleurette MAGISTER" />
<meta property="og:description" content="Découvrez toute la gamme Fleurette MAGISTER pour choisir le camping car profilé lit de pavillon haut de gamme de vos rêves." />
<meta property="og:url" content="https://www.fleurette-florium.fr/es/gamme-magister-perfilados-con-cama-de-techo/" />
<meta property="og:site_name" content="Fleurette Florium" />
<meta property="article:modified_time" content="2025-09-05T07:47:59+00:00" />
<meta name="twitter:label1" content="Tiempo de lectura" />
	<meta name="twitter:data1" content="2 minutos" />
<script type="application/ld+json" class="yoast-schema-graph">{"@context":"https://schema.org","@graph":[{"@type":"WebPage","@id":"https://www.fleurette-florium.fr/es/gamme-magister-perfilados-con-cama-de-techo/","url":"https://www.fleurette-florium.fr/es/gamme-magister-perfilados-con-cama-de-techo/","name":"Camping car profilé - gamme Fleurette MAGISTER","isPartOf":{"@id":"https://www.fleurette-florium.fr/#website"},"datePublished":"2015-07-29T23:00:00+00:00","dateModified":"2025-09-05T07:47:59+00:00","description":"Découvrez toute la gamme Fleurette MAGISTER pour choisir le camping car profilé lit de pavillon haut de gamme de vos rêves.","breadcrumb":{"@id":"https://www.fleurette-florium.fr/es/gamme-magister-perfilados-con-cama-de-techo/#breadcrumb"},"inLanguage":"es","potentialAction":[{"@type":"ReadAction","target":["https://www.fleurette-florium.fr/es/gamme-magister-perfilados-con-cama-de-techo/"]}]},{"@type":"BreadcrumbList","@id":"https://www.fleurette-florium.fr/es/gamme-magister-perfilados-con-cama-de-techo/#breadcrumb","itemListElement":[{"@type":"ListItem","position":1,"name":"","item":"https://www.fleurette-florium.fr/es/accueil-camping-cars-modernes-florium/"},{"@type":"ListItem","position":2,"name":"Gama Magister &#8211; Perfilados con cama de techo"}]},{"@type":"WebSite","@id":"https://www.fleurette-florium.fr/#website","url":"https://www.fleurette-florium.fr/","name":"Fleurette Florium","description":"","publisher":{"@id":"https://www.fleurette-florium.fr/#organization"},"potentialAction":[{"@type":"SearchAction","target":{"@type":"EntryPoint","urlTemplate":"https://www.fleurette-florium.fr/?s={search_term_string}"},"query-input":{"@type":"PropertyValueSpecification","valueRequired":true,"valueName":"search_term_string"}}],"inLanguage":"es"},{"@type":"Organization","@id":"https://www.fleurette-florium.fr/#organization","name":"Fleurette Florium","url":"https://www.fleurette-florium.fr/","logo":{"@type":"ImageObject","inLanguage":"es","@id":"https://www.fleurette-florium.fr/#/schema/logo/image/","url":"https://www.fleurette-florium.fr/wp-content/uploads/2021/07/logo-fleurette-florium-scaled.png","contentUrl":"https://www.fleurette-florium.fr/wp-content/uploads/2021/07/logo-fleurette-florium-scaled.png","width":2560,"height":830,"caption":"Fleurette Florium"},"image":{"@id":"https://www.fleurette-florium.fr/#/schema/logo/image/"}}]}</script>
<!-- / Yoast SEO plugin. -->

Camping car profilé - gamme Fleurette MAGISTER

Découvrez toute la gamme Fleurette MAGISTER pour choisir le camping car profilé lit de pavillon haut de gamme de vos rêves.
